110 (base 3) to base 7.
123
-14 (base 10) to base 11
-13
Convert -15 (base 11) to base 10.
-16
Convert -300 (base 4) to base 10.
-48
Convert -100011101 (base 2) to base 7.
-555
Convert -11 (base 4) to base 2.
-101
-403 (base 9) to base 16
-147
-4 (base 5) to base 2
-100
Convert -86 (base 14) to base 5.
-433
-412 (base 7) to base 13
-12a
20 (base 9) to base 6
30
What is -a5 (base 11) in base 7?
-223
-10 (base 3) to base 12
-3
Convert 44 (base 5) to base 10.
24
324 (base 5) to base 11
81
Convert 3 (base 8) to base 13.
3
Convert 224 (base 8) to base 14.
a8
What is 1000 (base 2) in base 14?
8
10 (base 5) to base 13
5
-1 (base 2) to base 14
-1
What is -17 (base 11) in base 9?
-20
-1b (base 13) to base 16
-18
Convert -18 (base 13) to base 14.
-17
What is 34 (base 16) in base 3?
1221
6 (base 7) to base 14
6
Convert 3 (base 6) to base 3.
10
432 (base 6) to base 3
20002
-4 (base 8) to base 12
-4
-405 (base 6) to base 8
-225
What is -d (base 16) in base 15?
-d
Convert 304 (base 6) to base 4.
1300
What is -10022 (base 3) in base 4?
-1121
-4 (base 12) to base 15
-4
What is -5 (base 13) in base 8?
-5
What is -114 (base 8) in base 7?
-136
What is -101 (base 4) in base 2?
-10001
Convert -4 (base 9) to base 15.
-4
-222 (base 5) to base 14
-46
Convert -23 (base 12) to base 8.
-33
What is -20 (base 3) in base 15?
-6
Convert -2 (base 5) to base 12.
-2
What is -48 (base 12) in base 2?
-111000
-4 (base 14) to base 4
-10
What is 0 (base 2) in base 3?
0
Convert -2 (base 6) to base 4.
-2
Convert -214 (base 8) to base 5.
-1030
Convert -22 (base 15) to base 6.
-52
17 (base 10) to base 13
14
4 (base 6) to base 11
4
Convert -41 (base 16) to base 13.
-50
Convert 10 (base 4) to base 2.
100
What is -222 (base 7) in base 8?
-162
What is -13 (base 4) in base 13?
-7
0 (base 9) to base 14
0
17 (base 9) to base 11
15
What is 12 (base 8) in base 11?
a
Convert 0 (base 13) to base 10.
0
111 (base 2) to base 9
7
Convert 5 (base 14) to base 11.
5
-c (base 16) to base 15
-c
Convert 1aa (base 12) to base 9.
334
-6 (base 8) to base 3
-20
What is -85 (base 16) in base 2?
-10000101
-3a (base 14) to base 10
-52
What is 22 (base 5) in base 2?
1100
What is -44 (base 6) in base 16?
-1c
What is 1010 (base 3) in base 15?
20
Convert 2 (base 7) to base 15.
2
What is 234 (base 6) in base 7?
163
101 (base 4) to base 7
23
-2 (base 11) to base 7
-2
2 (base 13) to base 14
2
0 (base 14) to base 9
0
Convert -38 (base 9) to base 15.
-25
20 (base 11) to base 7
31
Convert 8 (base 10) to base 5.
13
What is 45 (base 8) in base 9?
41
What is 94 (base 15) in base 8?
213
Convert -40 (base 14) to base 9.
-62
What is 3 (base 11) in base 10?
3
8 (base 11) to base 3
22
Convert -11 (base 6) to base 5.
-12
135 (base 8) to base 11
85
What is -5 (base 6) in base 13?
-5
What is -3 (base 16) in base 6?
-3
What is 21a (base 11) in base 15?
128
Convert 30 (base 7) to base 16.
15
Convert -3012 (base 4) to base 9.
-240
Convert -26 (base 10) to base 8.
-32
Convert 0 (base 10) to base 13.
0
Convert 2 (base 12) to base 13.
2
33 (base 4) to base 3
120
184 (base 10) to base 3
20211
Convert 10031 (base 4) to base 6.
1125
Convert 60 (base 14) to base 2.
1010100
What is -5 (base 11) in base 7?
-5
What is -8 (base 13) in base 4?
-20
Convert 2 (base 16) to base 4.
2
What is -111110 (base 2) in base 6?
-142
Convert ca (base 14) to base 10.
178
-8 (base 13) to base 10
-8
What is -111110 (base 2) in base 11?
-57
Convert 7 (base 13) to base 5.
12
0 (base 3) to base 8
0
What is -10 (base 4) in base 5?
-4
-3 (base 16) to base 11
-3
Convert -2 (base 6) to base 15.
-2
15 (base 6) to base 8
13
20 (base 8) to base 2
10000
Convert 12 (base 12) to base 6.
22
64 (base 8) to base 7
103
What is -15 (base 7) in base 16?
-c
20 (base 3) to base 11
6
What is 13 (base 5) in base 11?
8
What is -219 (base 11) in base 7?
-523
Convert -1044 (base 6) to base 10.
-244
-1 (base 5) to base 7
-1
What is -2 (base 5) in base 10?
-2
157 (base 13) to base 6
1041
-1 (base 5) to base 13
-1
What is 3 (base 14) in base 8?
3
What is 27 (base 8) in base 14?
19
What is 6 (base 13) in base 8?
6
What is -54 (base 16) in base 13?
-66
110110 (base 2) to base 13
42
Convert -13 (base 13) to base 2.
-10000
Convert -9 (base 10) to base 3.
-100
172 (base 13) to base 12
19a
What is -1 (base 9) in base 7?
-1
-3 (base 6) to base 13
-3
Convert -1001 (base 2) to base 4.
-21
What is 3 (base 11) in base 9?
3
Convert -2 (base 10) to base 13.
-2
b (base 15) to base 7
14
21 (base 4) to base 2
1001
What is 10 (base 13) in base 9?
14
What is -2 (base 6) in base 2?
-10
Convert -5b (base 13) to base 2.
-1001100
-3 (base 9) to base 6
-3
What is -5 (base 16) in base 4?
-11
Convert -2 (base 10) to base 8.
-2
Convert 7c (base 14) to base 7.
215
What is 0 (base 6) in base 7?
0
Convert 3 (base 8) to base 2.
11
2 (base 7) to base 15
2
31 (base 5) to base 3
121
What is 67 (base 16) in base 12?
87
Convert -100011 (base 2) to base 12.
-2b
What is 11201 (base 3) in base 15?
87
What is 0 (base 5) in base 6?
0
What is 2 (base 14) in base 13?
2
What is 11010 (base 2) in base 3?
222
What is 4 (base 8) in base 9?
4
Convert 20 (base 13) to base 15.
1b
What is -19 (base 12) in base 16?
-15
-d (base 14) to base 12
-11
What is 4c (base 14) in base 9?
75
-112020 (base 3) to base 8
-600
Convert 211 (base 6) to base 2.
1001111
10 (base 9) to base 16
9
What is -2c (base 13) in base 12?
-32
Convert -37 (base 11) to base 6.
-104
Convert 0 (base 9) to base 4.
0
What is 0 (base 11) in base 5?
0
What is -3 (base 7) in base 6?
-3
What is 12 (base 9) in base 8?
13
Convert 59 (base 13) to base 10.
74
What is -146 (base 16) in base 5?
-2301
Convert -a (base 12) to base 7.
-13
What is -2 (base 8) in base 16?
-2
What is -162 (base 7) in base 3?
-10110
Convert 114 (base 10) to base 2.
1110010
What is -1 (base 7) in base 15?
-1
Convert 33 (base 6) to base 5.
41
Convert 4 (base 10) to base 12.
4
What is 1012 (base 3) in base 2?
100000
What is -237 (base 9) in base 12?
-144
What is 94 (base 15) in base 4?
2023
Convert -6 (base 12) to base 14.
-6
3 (base 6) to base 3
10
-26 (base 7) to base 3
-202
63 (base 13) to base 4
1101
Convert 0 (base 13) to base 16.
0
Convert -a (base 13) to base 10.
-10
What is 0 (base 11) in base 15?
0
0 (base 8) to base 12
0
What is -4 (base 14) in base 5?
-4
Convert -11 (base 6) to base 12.
-7
Convert 6 (base 9) to base 8.
6
-21 (base 9) to base 13
-16
Convert 4 (base 16) to base 8.
4
What is -1 (base 5) in base 7?
-1
What is 35 (base 9) in base 10?
32
Convert 101000 (base 2) to base 11.
37
What is 7 (base 13) in base 4?
13
1 (base 10) to base 7
1
Convert -11 (base 4) to base 13.
-5
37 (base 11) to base 13
31
Convert 63 (base 15) to base 10.
93
What is 6 (base 11) in base 7?
6
What is 24 (base 11) in base 7?
35
Convert 2 (base 15) to base 9.
2
2 (base 16) to base 15
2
Convert 72 (base 8) to base 14.
42
What is -6a (base 13) in base 2?
-1011000
Convert 71 (base 9) to base 6.
144
Convert -1 (base 11) to base 14.
-1
What is 22 (base 10) in base 16?
16
Convert -1 (base 10) to base 9.
-1
Convert 111 (base 5) to base 3.
1011
-67 (base 15) to base 11
-89
-1 (base 4) to base 15
-1
What is 1 (base 5) in base 11?
1
Convert 12 (base 13) to base 12.
13
-7 (base 15) to base 12
-7
What is -4 (base 16) in base 11?
-4
Convert 6 (base 9) to base 15.
6
What is b (base 12) in base 13?
b
Convert -32 (base 11) to base 10.
-35
-21 (base 5) to base 3
-102
Convert 41 (base 14) to base 7.
111
d8 (base 14) to base 3
21001
What is -5 (base 16) in base 15?
-5
7 (base 13) to base 14
7
What is -2 (base 4) in base 10?
-2
What is -1 (base 16) in base 13?
-1
What is 12 (base 5) in base 14?
7
Convert 1 (base 9) to base 5.
1
Convert 2 (base 15) to base 6.
2
Convert 3 (base 8) to base 2.
11
What is -7 (base 16) in base 14?
-7
-10 (base 2) to base 13
-2
-123 (base 13) to base 15
-d3
What is 265 (base 12) in base 2?
101101101
What is 3c (base 16) in base 11?
55
2 (base 4) to base 15
2
-1102 (base 4) to base 13
-64
53 (base 11) to base 3
2011
32 (base 9) to base 12
25
What is 51 (base 12) in base 16?
3d
What is -11 (base 10) in base 5?
-21
What is -23 (base 14) in base 13?
-25
Convert -2 (base 16) to base 2.
-10
Convert -10 (base 3) to base 7.
-3
-58 (base 9) to base 8
-65
Convert -95 (base 16) to base 9.
-175
Convert -50 (base 7) to base 3.